(-28) + 26/8. Let p(s) = -s + 16. Give p(k).
9
Let m(h) = 2*h**2 - 7*h + 4. Let s be m(3). Let i be 0 + (-5 - -5)/s. Let c(x) = -x**2 - x + 6. Calculate c(i).
6
Let o(d) = -6*d**3 - 1 + 2*d**3 + d**3. Let h(q) = 5 - q**2 + 3*q - 4 + 3*q + 0*q. Let y be h(6). Determine o(y).
-4
Suppose 3*i - 5*l = 12, 0*l + 4*l = 5*i - 33. Suppose -4*c + i*c - 10 = 0. Let x(y) = 1. Let v(h) = -h + 3. Let b(w) = c*x(w) - v(w). What is b(2)?
1
Let w(z) = 5*z**2 - z + 7. Let j(r) = -4*r**2 - 6. Let q(y) = 6*j(y) + 5*w(y). Let v be (1 - -1)/(1/19). Let n = -34 + v. Calculate q(n).
-5
Let k(z) = 2*z**3 - 3*z**3 + 5*z**2 - 213*z + 209*z - 3. Calculate k(5).
-23
Let k(h) = h**3 - 3*h**2 + 3*h + 1. Let w(l) = 2*l**2 + l - 3. Let j(o) = -k(o) + w(o). Calculate j(2).
4
Suppose 0 = -n + 3*j - 3 - 1, 2*n - 4*j = -2. Let w be (0 + 3)*7/21. Let l(m) = m + 6*m**2 - 6*m**2 + w + m**3 - 5*m**2. Determine l(n).
6
Let c(r) be the first derivative of -r**2/2 + 5*r - 2. Let i = -34 + 52. Suppose i = 22*k - 19*k. Give c(k).
-1
Let u(g) = 7*g + 3. Let n(c) = 6*c + 6. Let s(a) = -6*n(a) + 5*u(a). Give s(-13).
-8
Let j(c) = 3*c**2 + 6*c - 4. Let f be j(-5). Let m = f + -37. Let z(u) = u**3 - 3*u**2 - 2*u + 6. Calculate z(m).
14
Suppose 31*d - 200 = -19*d. Suppose 3*a = -3*j + 18, 2*a - j - 3*j = 0. Let z(n) = -a + 0*n + n - 1. Determine z(d).
-1
Let l(s) = -2*s + 4. Suppose -427*a = -409*a + 36. Determine l(a).
8
Let d be (5 + -1)*(10 + -9). Suppose d*w - 5*w + 2*a + 10 = 0, -8 = -5*w - 4*a. Let t(j) = j**2 - 3*j - 1. Calculate t(w).
3
Let i(y) = -18*y**3 - 6*y**2 - 3*y - 1. Let c(n) = -17*n**3 - 5*n**2 - 2*n - 1. Let q(v) = -5*c(v) + 4*i(v). Determine q(1).
13
Let g(i) = i**3 - 3*i**2. Let h be 2 + 4/8*2. Calculate g(h).
0
Let z(x) = x - 5. Let w(n) = n - 6. Let j(v) = 2*w(v) - 3*z(v). Let r(p) = p**3 + 3*p**2 - 2*p - 1. Let k be r(-3). Suppose 14 - 39 = k*d. Calculate j(d).
8
Let o(q) = 4*q**3 - 5*q**3 + 2*q - 2*q - q. Let t(v) = 5*v**3 - 8*v**2 + 11*v + 8. Let a(n) = 4*o(n) + t(n). Give a(6).
-22
Let o(f) = -5*f + 7*f + 502 - 499. Calculate o(-10).
-17
Let v(z) = z**3 + 2*z**2 - 2*z - 2. Let l(t) = t**3 + 3*t**2 - 2*t - 3. Let h(k) = 4*l(k) - 5*v(k). Let u be 8/(-20) + (-4)/(-10). Let m = u - -2. What is h(m)?
2
Let k(h) = -h**2 - h - 5. Let v = 518 + -514. Give k(v).
-25
Let i = 4 - 11. Let t = -5 - i. Let j(g) be the first derivative of -g**2/2 + 14. Calculate j(t).
-2
Suppose j + 3*j + 28 = 0. Let k = 5 + j. Let h(n) = 3*n + 2*n - 2*n - 6*n. Give h(k).
6
Let w(o) = -o**2 + 5*o + 2. Let n be w(5). Let f(y) = 2*y**n - y**3 - 2*y**2 - 2 - y + y**2. Suppose 7*x - 2*x = -10, -5*t = 3*x + 6. Calculate f(t).
-2
Let c(r) be the second derivative of 1/2*r**2 - 1/6*r**3 - 4*r + 0. Suppose 0 = -4*n - 24. What is c(n)?
7
Let g(u) = -11*u**3 + 4*u**2 + 4*u. Let x(f) = -9*f**3 + 4*f**2 + 3*f - 1. Let q(h) = -5*g(h) + 6*x(h). Calculate q(-4).
2
Let u(j) = j**2 - 6*j - 1. Suppose -6*p + 3*b - 57 = -p, 4*p - 4*b + 44 = 0. Let a be (-38)/(-8) - 3/p. Suppose a*m - 9 - 21 = 0. Give u(m).
-1
Let y be (215 - 222)*3/7. Let v(l) be the third derivative of 0 + 1/2*l**3 + 0*l + 1/24*l**4 + l**2. Give v(y).
0
Let w = 15 + -15. Let l be w/((-3)/(6 + -3)). Suppose l = 4*k + 2 + 10. Let p(i) = -i - 7. Determine p(k).
-4
Let m(w) = w + 3. Suppose 0 = -2*z - 8, 2*z - 5 = 5*f + 7*z. Let q be 4 - (-2 + 3 - f). Give m(q).
9
Let r(y) = -22*y**2 + 10*y + 3. Let d(j) = 26*j**2 - 10*j - 3. Let s(p) = -5*d(p) - 6*r(p). Give s(7).
25
Let p(x) = x**2 + 2*x**2 - x**2 - 13036 - x + 13038 - x**3. Calculate p(2).
0
Let b be (24/(-5))/((-24)/(-80)). Let v be (-1)/(((-12)/b)/(-3)). Let c(f) = f + 4. Give c(v).
8
Let q(w) = -2*w + 6. Let h(f) = f - 15. Let v(j) = -j + 29. Let z(i) = -7*h(i) - 4*v(i). Suppose 0*u - u - 5 = 0. Let a be z(u). Calculate q(a).
-2
Let m = 25 - 23. Let c(g) = -15*g**m + 14*g**2 + g**3 - 8*g - 4 + 6*g**2. Calculate c(-6).
8
Let m(x) be the second derivative of x**6/120 + x**5/60 - x**3 + 6*x**2 - 39*x. Let p(d) be the first derivative of m(d). Calculate p(0).
-6
Let f(a) = 27*a + 3. Let o be f(1). Suppose 16*m + o = 21*m. Let n(b) = b**3 - 6*b**2 - 2*b + 1. What is n(m)?
-11
Let c(x) = -2*x - 15. Suppose 2*m + 18 = -2*g, -95*g = -93*g + 4*m + 16. What is c(g)?
5
Let p = -65 - -69. Let d(o) = -o**3 + 4*o**2 + 5*o - 6. Give d(p).
14
Let d(g) = -47*g - 8 + 0 - 8 + 44*g + 1. Determine d(-5).
0
Let g(v) = 0*v**2 + 3*v**3 + 3 + 6*v - 4*v**3 - 5*v**2. Let z be 2*(-1 - (2 + -16)). Suppose -4 = 3*j + 4*m + 10, 2*m = 4*j + z. Calculate g(j).
3
Let u(o) = o**3 - 2*o**2 - 9*o + 14. Let f = 1098 - 1094. Determine u(f).
10
Let c(u) = -15*u**3 + 3*u**2 - 10*u - 8. Let v be c(-5). Let n(r) = 3*r**2 + 3*r - 1989 - 4*r**2 + v. Calculate n(4).
-1
Let o = 7 - 15. Let k(f) = -3*f**2 - 9*f + 5. Let n(c) = -16*c**2 - 45*c + 24. Let i(s) = 11*k(s) - 2*n(s). Calculate i(o).
15
Let o(u) = -u**2 - 11*u + 12. Let n be o(-8). Suppose r = -5*r + n. Let m(h) = -h + 7. What is m(r)?
1
Let q(v) = v**2 - 1. Let p be 24 + -28 + 1*4. What is q(p)?
-1
Let h be (15 - 5)*(-9)/(-30)*1. Let u(b) = b**2 - 4*b - 3. Let j(f) = 5*f**2 - 19*f - 15. Let d(s) = -2*j(s) + 11*u(s). Calculate d(h).
-12
Let k(n) = -n**3 + 5*n**2 - 2*n + 1. Let h = -1326 + 1329. Give k(h).
13
Suppose 2*q - 3*q = -3. Suppose -q*u = -8*u + 25. Let x(h) = 2 - h + 1 - u - 1. Give x(-3).
0
Let o be ((-51)/(-45) - 1) + 85/(-75). Let v(w) = -12*w**2 + w + 1. Determine v(o).
-12
Let h(f) = f**2 - 6*f - 10. Let c be (-5)/(-10) + 45/6. Give h(c).
6
Let k(p) = 14*p**3 + 2*p**2 - 7. Let m(q) = -19*q**3 + 7. Let v(i) = 4*k(i) + 3*m(i). Give v(8).
-7
Let f(b) = 9*b - b**2 - 2 + 1 + 7 - 3. Let r(p) = p**2 - 6*p + 3. Let j be r(7). Determine f(j).
-7
Let c(l) be the first derivative of l**4/24 - l**3/6 - 11*l**2/2 - 18. Let g(j) be the second derivative of c(j). Determine g(-1).
-2
Let q be -2*1*(-15)/10. Let r be (0 + q)/((-8)/(-48)). Let d(p) = r + 2*p - 18. What is d(3)?
6
Let i(m) = -4*m - 2. Suppose -13*x - 38 = -15*x. Let r(n) = n - 23. Let w be r(x). Give i(w).
14
Let m(r) = 3*r - 10. Suppose -23 = -4*w + 5. Let l(s) = -5*s + 20. Let z(q) = w*m(q) + 4*l(q). Calculate z(-6).
4
Suppose 0 = -x + 4*x - 15. Let l(b) = 2*b**2 - b + 1. Let p(f) = -9*f**2 + 11*f - 11. Let y(h) = -4*l(h) - p(h). Calculate y(x).
-3
Let n(x) be the second derivative of -11*x**4/12 + 7*x**3/2 + 8*x**2 + 14*x. Let k(g) = 5*g**2 - 10*g - 8. Let u(d) = 9*k(d) + 4*n(d). Determine u(7).
-1
Let o be (-1 - 2)*(-7 - -6). Let l(h) = h**3 - h**2 - 4*h + 1. Let z be l(o). Let i(b) be the third derivative of b**4/12 - 5*b**3/6 - 2*b**2. Calculate i(z).
9
Let v(t) = 4*t + 0*t + 11 + 0 - t. Let p(h) = 13*h + 45. Let f(g) = -2*p(g) + 9*v(g). Let z be f(-4). Let w(r) = -r**2 + 5*r + 1. Give w(z).
1
Let j(h) be the second derivative of 0 - 1/2*h**2 + 15*h - 1/2*h**3. Calculate j(-2).
5
Let m(x) = -7 + 3*x**2 + 11*x - 1 + 0. Let p(c) = c**2 + 4*c - 3. Let f(w) = -3*m(w) + 8*p(w). Let s(g) = -250*g + 1750. Let v be s(7). Determine f(v).
0
Suppose 3*m - 4*o = 68, o = 3*m + 36 - 107. Suppose -2*p = -4*d + m, -5*d = -3*p - 36 + 6. Let a(u) = -u**3 - u**2 - 1 + 9 + 6*u + d*u**2. Determine a(6).
8
Let i(v) = 6*v + 14 + 14 - 30. Let t be i(1). Suppose -2*b = -3*n + 5, -b = -2*b - t. Let x(s) = -s**3 + 1. Give x(n).
2
Let c(w) = -4 - w - 540*w**2 - 545*w**2 + 1084*w**2. What is c(0)?
-4
Let y(m) = -m**3 - 11*m**2 - 14*m + 17. Let a be y(-9). Let s(z) = -z**3 - 20*z**2 - 18*z + 17. What is s(a)?
-2
Let v(x) = -x**3 - 4*x**2 - 7*x - 6. Let j be v(-4). Let q be j/8 - 4/(-16). Suppose q*h = 2*o - 17, 0 = o + 4*o + 5*h - 5. Let f(g) = -2*g + 6. Determine f(o).
-2
Let d(u) be the third derivative of -u**6/120 - u**5/12 - u**4/24 - u**3/3 - 2*u**2. Let k = 844 + -849. What is d(k)?
3
Let i(n) be the third derivative of -n**6/144 + n**4/24 + 17*n**2. Let w(m) be the second derivative of i(m). Calculate w(1).
-5
Let a(r) = 2*r**2 - 4*r - 3. Let l = 152 - 148. Give a(l).
13
Let f(q) = -2*q - 4. Let m(h) be the second derivative of -h**5/20 + h**4 - 3*h**3/2 - 7*h**2 - 3*h. Let a be m(11). Let z = -11 + a. What is f(z)?
2
Let w(f) be the second derivative of -f**3/6 - 3*f**2/2 + 15*f. Let p(b) = -1. Let d(r) = -3*p(r) + w(r). Let l be (1 + 5/(-3))*-3. Give d(l).
-2
Let g(w) = w**3 - 3*w**2 - 4*w - 4. Let u(m) = 3*m - 45. Let r(j) = -3*j + 